 - 3*q**3 + q. Calculate n(h).
0
Suppose 4*y - 7 = -4*f + f, -4*y + 12 = 4*f. Let x be 7/3 + y/(-3). Let r(s) = -1 - 3*s**3 - s**x - s + 3*s**3. Determine r(0).
-1
Let l(q) = -q**2 + 7*q + 9. Let d be l(8). Let h(g) = -8*g**2 + 1. Calculate h(d).
-7
Let s(b) = b**3 + 4*b**2 - 7*b - 7. Suppose 0 = -3*q + 6*q - 9. Let o(v) = 3*v + 6. Let x(h) = -h - 2. Let w(i) = -3*o(i) - 8*x(i). Let n be w(q). Give s(n).
3
Let j(b) = b**2 - 9*b + 8. Suppose 2*u - d + 24 = 0, -3*u + d - 3*d - 43 = 0. Let x = -7 - u. Calculate j(x).
-10
Let d(p) = 3*p. Let m be d(1). Let w(x) be the second derivative of 0 + 2*x + 1/6*x**m + 5/2*x**2. Calculate w(0).
5
Let t(j) = 6*j**2 + 37*j + 12. Let b be t(-6). Let y(v) = -7*v**2 + 13*v + 9. Let f(d) = -6*d**2 + 12*d + 8. Let x(m) = -6*f(m) + 5*y(m). What is x(b)?
-9
Let r(u) = u**2 - 5*u + 5. Let m(c) = 2*c - 4. Let p be m(5). Calculate r(p).
11
Let i be (2/(-6))/((-1)/6). Let r(p) = 2*p**2 + 3*p**2 - 6 - 2*p**2 + p**3 - i*p**2 - p. Let h be 8/(-12) - 2/(-3). Determine r(h).
-6
Let v be (-1 - 28/(-16))*4. Let k(a) = -5*a + 2*a + 1 + 2*a. Calculate k(v).
-2
Let k(w) = -w**3 + 9*w**2 - 8*w + 6. Let y(a) = -a**3 - 7*a**2 - a + 1. Let c be y(-7). Give k(c).
6
Let k(m) = -2*m + 1. Suppose -4*x = a - 23, -3*x + 7 = 1. Let l = a + -11. What is k(l)?
-7
Let n = -16 - -20. Let c(p) be the third derivative of 3*p**2 + 0*p**3 - 1/6*p**n - 1/60*p**5 + 0 + 0*p. Determine c(-2).
4
Suppose 3*x + 2*x - 15 = 0. Suppose -v = -x - 1. Suppose -5*k + v = 29. Let q(m) = -m**2 - 5*m + 2. Give q(k).
2
Let p(y) be the first derivative of y**4/2 - y**3 + y**2 - 2*y - 1. Let o be ((-4)/(-1))/2 + 4. Suppose o*j = 5*j + 2. What is p(j)?
6
Let i(v) be the first derivative of 3 - 1/3*v**3 + 0*v**4 + 0*v**2 + 0*v + 1/120*v**5. Let h(y) be the third derivative of i(y). Give h(3).
3
Let g(r) = -r**3 - r**2 + 1. Let p(l) = 4*l**3 + 4*l**2 - 8. Let d(b) = 5*g(b) + p(b). What is d(0)?
-3
Let s = 3 - -2. Suppose -s*w = -0 - 5. Let h = 6 - w. Let r(f) = f + 1. Give r(h).
6
Let v(j) = -16*j**2 - 30*j + 10. Let x(l) = 3*l**2 + 6*l - 2. Let p(i) = -2*v(i) - 11*x(i). Determine p(-6).
2
Let u(t) be the third derivative of t**7/2520 - t**6/240 - t**5/24 - t**4/12 - t**2. Let f(j) be the second derivative of u(j). Calculate f(4).
-1
Let r(y) be the third derivative of y**6/120 - y**5/20 + y**4/8 - y**3/3 - 10*y**2. Determine r(2).
0
Let i(s) = s**3 + 6*s**2 + 2. Let o be i(-6). Let x(j) = -j**3 + 4*j**2 - 2*j - 2. Calculate x(o).
2
Let h(n) = n**2 + n + 1. Let v(b) = 6 + 10*b**2 + 8*b + 2*b**3 - b**3 - b**2. Let i(k) = -4*h(k) + v(k). Let a = -12 - -8. What is i(a)?
2
Let o(m) = -2*m**2 + 3. Let i = 39 - 36. What is o(i)?
-15
Suppose 0 = -3*i + 9. Let h(m) = 2*m**i + 3*m**3 + 0*m**2 + 2*m**2 - m. What is h(1)?
6
Suppose l = s - 4, -3*l - 3 = -4*s + 9. Let c(q) = -q**3 + 5. Calculate c(s).
5
Let t(y) = -y**2 - 7*y + 1. Suppose 9 = 3*x - 0*s - 2*s, 4*s = x - 3. Let n(o) = -o**3 + 2*o**2 + o - 1. Let j be n(x). Determine t(j).
1
Suppose 2*a - 8 = 2*p - 3*p, 3*a - 11 = -p. Let r(y) = -y - 1 - p + 9. Let k be (-4)/(-3)*(1 + 2). Calculate r(k).
2
Let s(b) = -9*b - 1. Suppose -3*z = c - 2*c, -3*z - 4*c = 15. What is s(z)?
8
Let r(f) be the first derivative of 2*f**2 + f + 6. Let d = -1 + 0. What is r(d)?
-3
Let x(o) = o**2 - 7*o + 12*o + 2 + 3. Let g = 1 - -3. Suppose 5*d = -0*n + g*n + 20, -5*n - 25 = 3*d. What is x(n)?
5
Suppose -2*l - 8 = 2*l. Let n = -3 - l. Let h(o) = 5*o - 1. What is h(n)?
-6
Let c(x) be the third derivative of x**7/1680 - x**6/180 - x**5/60 - x**2. Let b(p) be the third derivative of c(p). Determine b(3).
5
Let s(h) = 16 + 2*h - 3*h + 2*h + h**2 - 13. Calculate s(-3).
9
Let k(s) = 3 + 0 - 4 - 3 + 4*s. What is k(5)?
16
Suppose -2*r = -r - 13. Let l(o) = -o - r*o**2 + 0 - 3 + 4. Give l(1).
-13
Let g(i) be the first derivative of -i**3/3 + i**2/2 - 2*i - 11. Determine g(4).
-14
Let p(z) = -z**2 + 2*z + 1. Let r be -6 - -6*(-6)/(-9). Give p(r).
-7
Let q(w) be the first derivative of w**2/2 + 3*w - 8. Calculate q(4).
7
Let q(b) = -5*b**3 + 11*b**2 + 11*b. Let n(m) = -2*m**3 + 5*m**2 + 5*m. Let r(h) = -7*n(h) + 3*q(h). Let o be ((-4)/3)/(8/12). Determine r(o).
4
Let d(r) = r**2 + 12*r + 2. Let x be d(-12). Let y(f) be the first derivative of 1 + 1/2*f**x + f. Give y(-5).
-4
Let v(c) = -c**2 + 11*c - 10. Let r be v(10). Let g(t) = t**2 - 9. Calculate g(r).
-9
Let o be -6*(21/6 + -3). Let l be ((-4)/6)/(o/9). Let z(u) = -4*u**2 + l*u - 4*u - u**3 + 4 + 0*u. Calculate z(-3).
1
Let j(l) = -2*l + 23. Let t(f) = -f + 12. Let p(h) = -6*j(h) + 11*t(h). Let s be (-3)/((-12)/8) + 4. Let r be p(s). Let g(o) = -o - 6. What is g(r)?
-6
Suppose 4*h - 5 = 3*c + 29, 3*h + 7 = -c. Let w(y) = -y + 1. Calculate w(c).
11
Let w(t) = -3*t. Let b(z) = 2*z. Let d(n) = 6*b(n) + 5*w(n). What is d(3)?
-9
Let c(z) be the third derivative of 0 - 2*z**2 - 1/6*z**3 + 1/24*z**4 + 0*z. Determine c(-2).
-3
Suppose -3*h - 27 = -33. Let j(m) = -9*m**2 + 2*m + 3. Let x(l) = 26*l**2 - 5*l - 9. Let o(q) = -17*j(q) - 6*x(q). Calculate o(h).
-17
Let c(t) be the second derivative of t**4/12 - 11*t**3/6 + 6*t**2 - 39*t. Give c(8).
-12
Suppose -11 = 3*o - 0*x + 2*x, 5*x = -5*o - 20. Let d(j) be the first derivative of -j**3 + j**2 - 1 - 1/4*j**4 + 2*j. What is d(o)?
-4
Let v(u) be the third derivative of 0 - 1/3*u**4 - 5*u**2 + 0*u**3 + 0*u. Let f = -1 + 2. Determine v(f).
-8
Let v(t) = -7*t**3 + 29*t**3 + 1 + 2*t - 15*t**3 + t**2. Give v(-1).
-7
Suppose -r + 3 = 5*x - 0*x, 2*x = 2*r - 6. Suppose t - 2*t + 3 = x. Let u = t - 0. Let v(w) = -w**3 + 4*w**2 - 3*w - 4. Give v(u).
-4
Let b(y) = -3*y - 3*y + 3*y - 9 + 2*y. What is b(-9)?
0
Let a(i) be the first derivative of i**2/2 + 9*i + 1. Give a(0).
9
Suppose -5 = 8*l - 21. Let y(b) be the first derivative of -2 - 4/3*b**3 + 3/2*b**l - 1/4*b**4 - 7*b. Determine y(-5).
3
Let t(a) = 26*a**3 + a**2 - 4*a + 4. Let w(k) = -27*k**3 - k**2 + 5*k - 5. Let r(s) = 4*t(s) + 3*w(s). What is r(1)?
24
Let i(g) = -3*g**2 - 17*g - 8. Let c(w) = w**2 + 6*w + 3. Let q(y) = 8*c(y) + 3*i(y). Let s be (6 - 3)/((-1)/1). Determine q(s).
0
Let y(j) = -4*j**2 - 12*j + 2. Let m(n) = n**2 + n + 1. Let a(v) = 5*m(v) + y(v). Calculate a(6).
1
Suppose 9 - 1 = u. Let x = u + -5. Let z(r) = -r + 4*r**2 + 7*r**3 - 8*r**3 + 10 - 6. Give z(x).
10
Let p(b) be the third derivative of b**4/12 + b**3 + 12*b**2. What is p(-6)?
-6
Let l be 2/(-5) + 32/5. Let i(a) = a**3 - 5*a**2 - 6*a - 7. Determine i(l).
-7
Let q(j) = -5 + 2*j**2 + 2*j + j**3 + 4*j**2 - j**2. Suppose 1 = 8*n + 33. Give q(n).
3
Let i(g) = -g**3 + 5*g**2 + g - 5. Let a be i(5). Suppose a = d - 6*d. Let h(z) = -4 - 4*z - 24*z + 27*z. Determine h(d).
-4
Suppose -12 = -5*x + x. Let d(b) = -3*b**2 + 3*b - 1. Let i(j) = 4*j**2 - 4*j + 2. Let l(f) = 3*d(f) + 2*i(f). Calculate l(x).
-5
Suppose 4*p + 43 = -5*z, 2*z - z = 5*p + 3. Let w(t) = -2*t - 10. Let d be w(z). Let o(x) = -x**2 + 5*x - 6. Give o(d).
-2
Let t = -1 - -2. Let r(f) = f**3 - f**2 + 1. Determine r(t).
1
Let n(t) = -t**2 - 12*t - 11. Let d be n(-11). Let r(b) = b**2 - b - 13. Determine r(d).
-13
Let t be 3/(-9) + 2/(-3). Let w(r) = 11*r**2 - 12*r - 10. Let j(x) = 17*x**2 - 19*x - 16. Let d(o) = 5*j(o) - 8*w(o). Give d(t).
-4
Suppose 0*w = 2*w. Let a(r) be the second derivative of w + 1/6*r**3 + 0*r**2 + r. Give a(0).
0
Suppose d + 2*s - 7*s - 18 = 0, d = -4*s - 9. Let f(t) = -1 + 6*t + 1 - 5*t + d. Determine f(5).
8
Let g(x) = -3*x + 1. Let h be g(-1). Let k be (h + (-12)/4)*-5. Let l(p) = 1 + 2 + 0*p + p. Determine l(k).
-2
Let n(b) = b + 5. Suppose 5*v - 5*k = 10, 0 = k - 0*k - 1. Suppose 0 = -4*u - 8, -3*u + 7 = -v*r + 1. Calculate n(r).
1
Let k(m) = -m**3 - 5*m**2 - 4*m + 3. Let g = 14 - 18. What is k(g)?
3
Let v(t) be the second derivative of t + 0*t**2 + 1/3*t**4 + 0 + 1/6*t**3. Give v(1).
5
Let w(b) be the second derivative of -1/3*b**4 + b**2 - 1/20*b**5 + 0 - 4*b + 0*b**3. Give w(-4).
2
Let h(o) = 6*o + 7*o - 15*o + 4 - 5. Let a(t) = -t**2. Let n be a(1). Let g(x) = -6*x**2 + 1. Let l be g(n). Determine h(l).
9
Let w = 2 + -2. Suppose 0*g - 5*g = 20, -2*v - 3*g - 4 = w. Let a(f) = f**3 - 2*f**2 - 4*f - 4. Calculate a(v).
12
Let m = 287 + -289. Let r(s) = -3*s**3 - s - 2. Let y(a) = -9*a**3 - a**2 - 3*a - 5. Let k(q) = -11*r(q) + 4*y(q). Give k(m).
12
Suppose 